{"id":127,"date":"2020-02-04T12:33:17","date_gmt":"2020-02-04T12:33:17","guid":{"rendered":"http:\/\/als-soerup.de\/?page_id=127"},"modified":"2020-02-26T07:40:02","modified_gmt":"2020-02-26T07:40:02","slug":"emotionale-und-soziale-entwicklung","status":"publish","type":"page","link":"http:\/\/als-soerup.de\/?page_id=127","title":{"rendered":"emotionale und soziale Entwicklung"},"content":{"rendered":"\n<p>Das F\u00f6rderzentrum Angeln bietet den Schulen der Region\nBeratung und Unterst\u00fctzung im Bereich der schulischen Erziehungs(hilfe)arbeit\nan. <\/p>\n\n\n\n<p>Das Angebot richtet sich an Lehrkr\u00e4fte, p\u00e4dagogische\nFachkr\u00e4fte, Sch\u00fclerinnen\/Sch\u00fcler, Eltern und an Erziehungshilfeeinrichtungen.<\/p>\n\n\n\n<p>Inhaltliche Schwerpunkte:<\/p>\n\n\n\n<ul><li>prozessbegleitende, regelm\u00e4\u00dfige\nBeratung, Unterst\u00fctzung und Mitarbeit an den Regelschulen (Basisteam\/\nMontagsrunde\/ Fallkonferenzen, etc.)<ul><li>Organisation von \u201eRunden Tischen\u201c zur\nBeratung und Erarbeitung von Probleml\u00f6sestrategien und Handlungskonzepten<\/li><\/ul><ul><li>Anregung und Organisation von\nFortbildungen<\/li><\/ul><ul><li>Unterst\u00fctzung und Mitarbeit an\nKonzepten der Regelschulen <\/li><\/ul><ul><li>Projektklassen an den Gemeinschaftsschulen\nin Kappeln und Satrup<\/li><\/ul><ul><li>Kooperation:<\/li><\/ul><ul><li>Mitarbeit am \u201eFiSch-Projekt\u201c<\/li><\/ul><ul><li>mit Schulsozialarbeit <\/li><\/ul><ul><li>mit Erziehungshilfeeinrichtungen,\ninsbesondere bei der&nbsp; Schulbef\u00e4higung und\nEingliederung von Kindern und Jugendlichen (diagnostische Eingliederungsgruppe\nam F\u00d6Z)<\/li><\/ul><ul><li>mit Fachdiensten \u201eJugend und Familie\u201c,\n\u201eGesundheit\u201c und \u201eSchulpsychologischer Dienst\u201c<\/li><\/ul><ul><li>mit KiTas<\/li><\/ul><ul><li>Bereitschaft zur Entwicklung und\nMitarbeit an Projekten im Bereich KiTa\/Schuleingangsphase <\/li><\/ul><\/li><\/ul>\n\n\n\n<p><\/p>\n","protected":false},"excerpt":{"rendered":"<p>Das F\u00f6rderzentrum Angeln bietet den Schulen der Region Beratung und Unterst\u00fctzung im Bereich der schulischen Erziehungs(hilfe)arbeit an. Das Angebot richtet sich an Lehrkr\u00e4fte, p\u00e4dagogische Fachkr\u00e4fte, Sch\u00fclerinnen\/Sch\u00fcler, Eltern und an Erziehungshilfeeinrichtungen. Inhaltliche Schwerpunkte: prozessbegleitende, regelm\u00e4\u00dfige Beratung, Unterst\u00fctzung und Mitarbeit an den Regelschulen (Basisteam\/ Montagsrunde\/ Fallkonferenzen, etc.) Organisation von \u201eRunden Tischen\u201c zur Beratung und Erarbeitung von Probleml\u00f6sestrategien&hellip;&nbsp;<a href=\"http:\/\/als-soerup.de\/?page_id=127\" class=\"\" rel=\"bookmark\">Weiterlesen &raquo;<span class=\"screen-reader-text\">emotionale und soziale Entwicklung<\/span><\/a><\/p>\n","protected":false},"author":1,"featured_media":0,"parent":0,"menu_order":0,"comment_status":"closed","ping_status":"closed","template":"","meta":{"neve_meta_sidebar":"right","neve_meta_container":"contained","neve_meta_enable_content_width":"on","neve_meta_content_width":75,"neve_meta_title_alignment":"","neve_meta_author_avatar":"","neve_post_elements_order":"","neve_meta_disable_header":"","neve_meta_disable_footer":"","neve_meta_disable_title":"","footnotes":""},"_links":{"self":[{"href":"http:\/\/als-soerup.de\/index.php?rest_route=\/wp\/v2\/pages\/127"}],"collection":[{"href":"http:\/\/als-soerup.de\/index.php?rest_route=\/wp\/v2\/pages"}],"about":[{"href":"http:\/\/als-soerup.de\/index.php?rest_route=\/wp\/v2\/types\/page"}],"author":[{"embeddable":true,"href":"http:\/\/als-soerup.de\/index.php?rest_route=\/wp\/v2\/users\/1"}],"replies":[{"embeddable":true,"href":"http:\/\/als-soerup.de\/index.php?rest_route=%2Fwp%2Fv2%2Fcomments&post=127"}],"version-history":[{"count":9,"href":"http:\/\/als-soerup.de\/index.php?rest_route=\/wp\/v2\/pages\/127\/revisions"}],"predecessor-version":[{"id":234,"href":"http:\/\/als-soerup.de\/index.php?rest_route=\/wp\/v2\/pages\/127\/revisions\/234"}],"wp:attachment":[{"href":"http:\/\/als-soerup.de\/index.php?rest_route=%2Fwp%2Fv2%2Fmedia&parent=127"}],"curies":[{"name":"wp","href":"https:\/\/api.w.org\/{rel}","templated":true}]}}